{"id":27,"date":"2021-11-21T21:46:15","date_gmt":"2021-11-21T21:46:15","guid":{"rendered":"http:\/\/winiarczyk.pl\/?page_id=27"},"modified":"2024-10-06T09:55:47","modified_gmt":"2024-10-06T09:55:47","slug":"start","status":"publish","type":"page","link":"https:\/\/winiarczyk.pl\/","title":{"rendered":"Witamy"},"content":{"rendered":"\n<p><\/p>\n\n\n\n<p>Dzia\u0142alno\u015b\u0107 naszej Szk\u00f3\u0142ki rozpocz\u0119\u0142a si\u0119 w 1995 roku. Rozpoczynaj\u0105c nasz\u0105 przygod\u0119 ze szk\u00f3\u0142karstwem postawili\u015bmy na wrzosy. Zaczynali\u015bmy od ma\u0142ego area\u0142u produkuj\u0105c wrzosy odmian tradycyjnych. <\/p>\n\n\n\n<p>Po przeniesieniu si\u0119 do nowej lokalizacji nawi\u0105zali\u015bmy wsp\u00f3\u0142prac\u0119 z hodowc\u0105 wrzos\u00f3w <em>Gardengirls<\/em><img loading=\"lazy\" decoding=\"async\" width=\"50\" height=\"27\" class=\"wp-image-89\" style=\"width: 50px;\" src=\"https:\/\/winiarczyk.pl\/wp-content\/uploads\/2022\/01\/Garden-Girls_Logo_RGB_300dpi.jpg\" alt=\"Garden Girls calluna\" srcset=\"https:\/\/winiarczyk.pl\/wp-content\/uploads\/2022\/01\/Garden-Girls_Logo_RGB_300dpi.jpg 1299w, https:\/\/winiarczyk.pl\/wp-content\/uploads\/2022\/01\/Garden-Girls_Logo_RGB_300dpi-300x159.jpg 300w, https:\/\/winiarczyk.pl\/wp-content\/uploads\/2022\/01\/Garden-Girls_Logo_RGB_300dpi-1024x543.jpg 1024w, https:\/\/winiarczyk.pl\/wp-content\/uploads\/2022\/01\/Garden-Girls_Logo_RGB_300dpi-768x407.jpg 768w\" sizes=\"auto, (max-width: 50px) 100vw, 50px\" \/>. Kilka lat udanej uprawy pozwoli\u0142o na otrzymanie licencji na sprzeda\u017c sadzonek wrzos\u00f3w <em>Gardengirls<\/em><img loading=\"lazy\" decoding=\"async\" width=\"50\" height=\"27\" class=\"wp-image-89\" style=\"width: 50px;\" src=\"https:\/\/winiarczyk.pl\/wp-content\/uploads\/2022\/01\/Garden-Girls_Logo_RGB_300dpi.jpg\" alt=\"Garden Girls calluna\" srcset=\"https:\/\/winiarczyk.pl\/wp-content\/uploads\/2022\/01\/Garden-Girls_Logo_RGB_300dpi.jpg 1299w, https:\/\/winiarczyk.pl\/wp-content\/uploads\/2022\/01\/Garden-Girls_Logo_RGB_300dpi-300x159.jpg 300w, https:\/\/winiarczyk.pl\/wp-content\/uploads\/2022\/01\/Garden-Girls_Logo_RGB_300dpi-1024x543.jpg 1024w, https:\/\/winiarczyk.pl\/wp-content\/uploads\/2022\/01\/Garden-Girls_Logo_RGB_300dpi-768x407.jpg 768w\" sizes=\"auto, (max-width: 50px) 100vw, 50px\" \/> do dalszej profesjonalnej produkcji. <\/p>\n\n\n\n<p>Obecnie w nasza szk\u00f3\u0142ka oferuje sadzonki wrzos\u00f3w w multipaletach do dalszej profesjonalnej produkcji oraz wrzosy doros\u0142e do nasadze\u0144. Nasza oferta jest systematycznie powi\u0119kszana o nowe odmiany wrzos\u00f3w.<\/p>\n","protected":false},"excerpt":{"rendered":"<p>Dzia\u0142alno\u015b\u0107 naszej Szk\u00f3\u0142ki rozpocz\u0119\u0142a si\u0119 w 1995 roku. Rozpoczynaj\u0105c nasz\u0105 przygod\u0119 ze szk\u00f3\u0142karstwem postawili\u015bmy na wrzosy. Zaczynali\u015bmy od ma\u0142ego area\u0142u produkuj\u0105c wrzosy odmian tradycyjnych. Po przeniesieniu si\u0119 do nowej lokalizacji nawi\u0105zali\u015bmy wsp\u00f3\u0142prac\u0119 z hodowc\u0105 wrzos\u00f3w Gardengirls. Kilka lat udanej uprawy pozwoli\u0142o na otrzymanie licencji na sprzeda\u017c sadzonek wrzos\u00f3w Gardengirls do dalszej profesjonalnej produkcji. Obecnie w &hellip; <\/p>\n<p class=\"link-more\"><a href=\"https:\/\/winiarczyk.pl\/\" class=\"more-link\">Czytaj dalej<span class=\"screen-reader-text\"> \u201eWitamy\u201d<\/span><\/a><\/p>\n","protected":false},"author":1,"featured_media":0,"parent":0,"menu_order":0,"comment_status":"closed","ping_status":"closed","template":"","meta":{"footnotes":""},"class_list":["post-27","page","type-page","status-publish","hentry"],"_links":{"self":[{"href":"https:\/\/winiarczyk.pl\/index.php?rest_route=\/wp\/v2\/pages\/27","targetHints":{"allow":["GET"]}}],"collection":[{"href":"https:\/\/winiarczyk.pl\/index.php?rest_route=\/wp\/v2\/pages"}],"about":[{"href":"https:\/\/winiarczyk.pl\/index.php?rest_route=\/wp\/v2\/types\/page"}],"author":[{"embeddable":true,"href":"https:\/\/winiarczyk.pl\/index.php?rest_route=\/wp\/v2\/users\/1"}],"replies":[{"embeddable":true,"href":"https:\/\/winiarczyk.pl\/index.php?rest_route=%2Fwp%2Fv2%2Fcomments&post=27"}],"version-history":[{"count":13,"href":"https:\/\/winiarczyk.pl\/index.php?rest_route=\/wp\/v2\/pages\/27\/revisions"}],"predecessor-version":[{"id":162,"href":"https:\/\/winiarczyk.pl\/index.php?rest_route=\/wp\/v2\/pages\/27\/revisions\/162"}],"wp:attachment":[{"href":"https:\/\/winiarczyk.pl\/index.php?rest_route=%2Fwp%2Fv2%2Fmedia&parent=27"}],"curies":[{"name":"wp","href":"https:\/\/api.w.org\/{rel}","templated":true}]}}