{"id":2,"date":"2021-11-16T01:16:53","date_gmt":"2021-11-16T01:16:53","guid":{"rendered":"http:\/\/winiarczyk.pl\/?page_id=2"},"modified":"2024-06-25T09:18:19","modified_gmt":"2024-06-25T09:18:19","slug":"oferta","status":"publish","type":"page","link":"https:\/\/winiarczyk.pl\/?page_id=2","title":{"rendered":"Oferta"},"content":{"rendered":"\n<p><strong>Wrzosy materia\u0142 doros\u0142y<\/strong><br> Prowadzimy sprzeda\u017c detaliczn\u0105 i hurtow\u0105 wrzos\u00f3w w doniczkach r\u00f3\u017cnej wielko\u015bci. W celu uzyskania szczeg\u00f3\u0142owych informacji zapraszamy do kontaktu z nasz\u0105 Szk\u00f3\u0142k\u0105. <br><br><strong>Sadzonki wrzos\u00f3w materia\u0142 do dalszej profesjonalnej produkcji<\/strong> <br>Stawiamy na uzyskanie sadzonek o wysokiej jako\u015bci dlatego postanowili\u015bmy zastosowa\u0107 palet\u0119 o 60 otworach.<\/p>\n\n\n\n<p>Minimalna liczba sprzedawanych sadzonek to 5000 sztuk.<\/p>\n\n\n\n<p><\/p>\n\n\n\n\n\n<p><br><\/p>\n","protected":false},"excerpt":{"rendered":"<p>Wrzosy materia\u0142 doros\u0142y Prowadzimy sprzeda\u017c detaliczn\u0105 i hurtow\u0105 wrzos\u00f3w w doniczkach r\u00f3\u017cnej wielko\u015bci. W celu uzyskania szczeg\u00f3\u0142owych informacji zapraszamy do kontaktu z nasz\u0105 Szk\u00f3\u0142k\u0105. Sadzonki wrzos\u00f3w materia\u0142 do dalszej profesjonalnej produkcji Stawiamy na uzyskanie sadzonek o wysokiej jako\u015bci dlatego postanowili\u015bmy zastosowa\u0107 palet\u0119 o 60 otworach. Minimalna liczba sprzedawanych sadzonek to 5000 sztuk.<\/p>\n","protected":false},"author":1,"featured_media":92,"parent":0,"menu_order":0,"comment_status":"closed","ping_status":"closed","template":"","meta":{"footnotes":""},"class_list":["post-2","page","type-page","status-publish","has-post-thumbnail","hentry"],"_links":{"self":[{"href":"https:\/\/winiarczyk.pl\/index.php?rest_route=\/wp\/v2\/pages\/2","targetHints":{"allow":["GET"]}}],"collection":[{"href":"https:\/\/winiarczyk.pl\/index.php?rest_route=\/wp\/v2\/pages"}],"about":[{"href":"https:\/\/winiarczyk.pl\/index.php?rest_route=\/wp\/v2\/types\/page"}],"author":[{"embeddable":true,"href":"https:\/\/winiarczyk.pl\/index.php?rest_route=\/wp\/v2\/users\/1"}],"replies":[{"embeddable":true,"href":"https:\/\/winiarczyk.pl\/index.php?rest_route=%2Fwp%2Fv2%2Fcomments&post=2"}],"version-history":[{"count":14,"href":"https:\/\/winiarczyk.pl\/index.php?rest_route=\/wp\/v2\/pages\/2\/revisions"}],"predecessor-version":[{"id":156,"href":"https:\/\/winiarczyk.pl\/index.php?rest_route=\/wp\/v2\/pages\/2\/revisions\/156"}],"wp:featuredmedia":[{"embeddable":true,"href":"https:\/\/winiarczyk.pl\/index.php?rest_route=\/wp\/v2\/media\/92"}],"wp:attachment":[{"href":"https:\/\/winiarczyk.pl\/index.php?rest_route=%2Fwp%2Fv2%2Fmedia&parent=2"}],"curies":[{"name":"wp","href":"https:\/\/api.w.org\/{rel}","templated":true}]}}